m(a) = -a**3 + 3*a - 2. Let q = 6 + -4. Give m(q).
-4
Suppose 3*l = -2*l - 30. Let h(u) be the third derivative of u**6/120 + u**5/12 - 5*u**4/24 + u**3/6 - u**2. Calculate h(l).
-5
Let u(p) be the first derivative of 2 - 5/2*p**2 - 1/12*p**4 + p + 1/6*p**3. Let a(v) be the first derivative of u(v). Determine a(0).
-5
Suppose 0 = 2*c + 16 + 18. Let q = -21 - c. Let j(w) = -w**2 - 4*w. Determine j(q).
0
Let c(v) = 6*v**2 - 2*v. Let o = -8 - -10. Determine c(o).
20
Suppose 0 = 8*c - 5*c - 3. Let t(l) = 2*l**3 + l - 1. Give t(c).
2
Let y(f) = f**2 + 5*f + 3. Suppose -4*b + s + 6 = 0, -5*s = 5*b - 18 - 2. Suppose 3*g + b*g + 20 = 0. What is y(g)?
-1
Let y(g) = g**2 + 3*g - 1. Let w(x) = 2*x - 8*x + 3*x**2 - 4*x - 4*x**2 - 13. Let q be w(-9). What is y(q)?
3
Let u(w) = -w**3 + 6*w**2 - 1. Let h(k) = -3*k - 30. Let b be h(-12). Determine u(b).
-1
Suppose -7 = -0*c + c. Let r(f) = f**2 + 3*f - 6. Give r(c).
22
Let z(v) = v - 1. Let a(n) = -3*n - 1. Let l be a(-2). Give z(l).
4
Suppose 3*r - 7 = 2. Suppose 4*t - 2 = r*t. Let h(d) = 4*d - 1 - d**2 - 4*d. Calculate h(t).
-5
Let w(h) = 5*h**2 - 2 - 4*h**2 + h**2 + 3 + 2*h. Determine w(-1).
1
Let i(z) = -z - 3. Let b(x) = -3*x - 8. Let c(a) = -3*b(a) + 8*i(a). Let r(y) = y**3 - 4*y**2 - y + 4. Let v be r(3). Let t = -3 - v. Calculate c(t).
5
Let l be (-4)/(-14) + (-60)/(-35). Let j = 1 + l. Let i(z) = -3*z - z**2 + 2*z**2 + 3 + 0. Give i(j).
3
Let s(f) = -4*f**2 + 6*f + 6. Let t(k) = -4*k**2 + 5*k + 5. Let v be (-1)/(-2) - (-63)/18. Let u(p) = v*s(p) - 5*t(p). Give u(2).
13
Let g(o) = -o + 6. Let f be g(5). Let t(i) = 1 + 7 - f - i + 5. What is t(6)?
6
Let c be (18/(-15))/((-6)/15). Let s(o) = -5 - 5*o**2 + 0*o**2 + 2*o**c - 2*o**3 + o**3. Calculate s(5).
-5
Suppose 0 = 11*a - 7*a - 64. Let d = a - 12. Let c(f) = -f + 1. What is c(d)?
-3
Let l(y) = 2*y**3 - 3*y**2 + y - 1. Let v(a) = 3*a**3 - 3*a**2 + a - 1. Let b(z) = 4*l(z) - 3*v(z). What is b(-3)?
-4
Suppose 9*o - 8*o + 4*r = -9, -3*o - 5*r = 6. Let p(w) = 3*w - 1. Calculate p(o).
8
Suppose 36 = 16*l - 4*l. Let s(g) = -2 + 4*g - g**3 + g**2 + 0*g - 2. Determine s(l).
-10
Suppose -8 = -2*s + g, 2*s - 2*g - g - 16 = 0. Let z = s - -2. Let i(o) = -2*o + 3*o**3 - z - 5*o**2 - 2*o**3 - 2*o**3 + 0*o**3. What is i(-4)?
-12
Let p(v) = -17*v + 1. Let h = -95 + 94. What is p(h)?
18
Let x(f) = f**2 + f + 1. Let p(l) = l**3 + 3*l**2 + 2*l - 2. Suppose -w = -4*w + 3. Suppose -m = -w + 3. Let u be p(m). Give x(u).
3
Let b be 86/(-10) - (-14)/(-35). Let o = b + 6. Let n(v) = -v**3 - 4*v**2 - 3*v - 2. Calculate n(o).
-2
Suppose -2*z - 2 = -r + z, -5*r + z = -10. Suppose -f - r = f. Let c be 6 - (0 - (-1 + f)). Let m(w) = 2*w**2 - 7*w + 5. Determine m(c).
9
Let p(z) be the third derivative of 7*z**2 + 0 + 2/3*z**3 + 0*z - 1/24*z**4. What is p(7)?
-3
Let c(x) = -6*x + 4. Let t(a) = -1. Let j(n) = -c(n) - 5*t(n). Let b(k) = k**3 - 2*k**2 - 1. Let f be b(2). Calculate j(f).
-5
Suppose -5*i + p + 8 = -16, -4 = -5*i - 4*p. Let d(n) = 3 + 0*n - 8*n - i + 6*n. Calculate d(5).
-11
Let u = -7 - -8. Let y(h) = 0*h**2 + h**2 + 2 + 12*h**3 + 2*h - u. Calculate y(-1).
-12
Suppose -25 = w - 5*q - 4, -4*w = -2*q - 6. Let s(u) = w*u - 2 - 5*u - 3. Calculate s(-4).
-1
Let l = -5 + 0. Let q(b) be the second derivative of -b**3/3 + 23*b**2/2 - 2*b. Let k(c) = -c + 8. Let m(f) = -8*k(f) + 3*q(f). Give m(l).
-5
Let b(r) be the third derivative of -r**5/60 + 5*r**4/24 + 2*r**3/3 - 15*r**2. Give b(5).
4
Let a be (-2)/(-3) + 8/6. Let n(x) be the first derivative of -x**4/4 + 2*x**3/3 + x + 2. Give n(a).
1
Let o(x) = -3*x - x + x**2 + 2*x - 2*x - 2. Let n = -10 + 16. Give o(n).
10
Let r(p) = 2*p - 14. Let k(g) = g - 6. Let i(v) = -5*k(v) + 2*r(v). Give i(2).
0
Let s(k) = -k**3 - 7*k**2 + 3*k - 3. Let u = -131 + 124. Give s(u).
-24
Let o(v) = v**3 + 1. Let a(h) = -h**3 - h**2 - 3*h. Let j = -1 + 0. Let c be 1*(-1)/j*1. Let r(u) = c*a(u) + 2*o(u). Determine r(2).
0
Let w(k) = -k**2 - 9*k + 12. Let n be w(-10). Let s(b) = -1 + n*b + b - 2 + 3*b. Give s(3).
15
Let j(a) = 5*a - 4. Let d be j(2). Suppose 7*p - d*p = -2. Let s(f) = -3*f - 2. What is s(p)?
4
Let p be ((-40)/(-16))/((-2)/(-4)). Let v = -20 + 13. Let s = v + p. Let t(b) = 2*b - 2. Determine t(s).
-6
Let p(t) be the second derivative of 0 - 2*t**2 + 6*t - 1/6*t**3. Give p(-3).
-1
Let c = 4 - -2. Suppose 2*h = 3*u - 0*h, -4*h = -2*u. Let i(x) = -3 + u*x**2 + 5*x**2 + c + 4*x + 1 + x**3. Calculate i(-4).
4
Let z(s) be the first derivative of 1/4*s**4 + 2*s**2 - s**3 - 4*s - 2. Let k = -21 - -24. Calculate z(k).
8
Let k(d) = -d**2 - 10*d + 12. Let n(u) = u**2 + 11*u - 13. Let p(l) = 5*k(l) + 4*n(l). Calculate p(-7).
1
Let a(r) = -11*r**3 + 11*r**2 - 6*r - 3. Let k(u) = -6*u**3 + 6*u**2 - 3*u - 2. Let h(f) = 3*a(f) - 5*k(f). What is h(2)?
-17
Let h(z) = -z**3 + 12*z**2 - 11*z - 5. Let b(c) = -c**2 + c - 1. Let k(f) = -4*b(f) - h(f). Let a(y) = y**2 + 11*y + 7. Let n be a(-11). Calculate k(n).
9
Let f be (-4 - -4) + 1*3. Let j(o) = 2*o + 5 - 2*o - f + 2*o. Give j(4).
10
Let m(a) = -7*a**2 - 1. Let s(o) = -o + 1. Let x(j) = -j - 2. Let c be x(-5). Suppose 5*z = -2*p + p - 2, -c*z + 2*p = -4. Let k be s(z). Give m(k).
-8
Let h(x) = 201*x**2 - 2*x + 0*x + 1 - 198*x**2. Suppose 0 = 2*c + 3*c - 2*l - 5, 0 = 3*c - 2*l - 3. Determine h(c).
2
Let l be ((-4)/(-5))/((-14)/(-35)). Suppose -4*b + 3*t + 13 = -3*b, -l*b = -4*t - 20. Let z(a) = 2*a - 1. What is z(b)?
7
Suppose -2*h + 4 = -2*s, 0 = -4*h + h + s. Let r be 28/(-6) + h/3. Let y(u) = -u**3 - 6*u**2 - 3*u + 4. Determine y(r).
-6
Let w(f) = 5*f**3 + 8*f**2 - 3*f - 1. Let n(k) = -k**3 - k**2 + k. Let a(m) = 4*n(m) + w(m). What is a(-2)?
5
Suppose -5*d = -w, -2*d = 3*d - 4*w. Let u(z) be the third derivative of -z**6/120 + z**5/60 + 2*z**3/3 + 246*z**2. What is u(d)?
4
Let y(p) be the third derivative of -p**9/60480 - p**8/6720 + p**7/1680 + p**5/30 + 2*p**2. Let v(j) be the third derivative of y(j). Calculate v(-3).
-9
Suppose -2*h = -5*x - 102 + 32, 4*h = 2*x + 44. Let a be ((-2)/(-4))/((-3)/x). Let i(g) be the second derivative of -g**3/2 + g**2/2 + g. What is i(a)?
-5
Let c(b) be the second derivative of b**5/20 - b**4/2 + b**3 - 3*b**2/2 - 5*b. What is c(5)?
2
Let d = 59 + -24. Suppose -b - 19 = -3*v - 3*b, -5*v + d = 4*b. Let z(q) = -6*q**2 + 3 + v*q**2 - 2 - 5*q**2. Determine z(-1).
-7
Let z(f) be the first derivative of -f**3 - f - 8. Let w be 4/2*(2 + -1). Let o be 2 - (w + 2) - -3. Give z(o).
-4
Let g(n) = -6*n - 1. Let i = 39 + -40. What is g(i)?
5
Let i(u) = -5*u**3 - 41*u**2 + 41*u - 36. Let g(h) = h**3 + 8*h**2 - 8*h + 7. Let s(a) = -11*g(a) - 2*i(a). Determine s(-7).
2
Let t(h) = -2*h**2 - 5*h - 4. Let g(j) = 3*j**2 + 6*j + 5. Let q(w) = 3*g(w) + 4*t(w). Let k be 10*(-3)/18*-3. Let c be 3/6*(1 + k). Give q(c).
2
Let n(j) = -j**2 - 10*j - 6. Let b be n(-10). Let u(k) = -k - 12. Give u(b).
-6
Let r(z) = -z - 18. Suppose 3*k + 4 = 2*h, -2*k = -h + 1 + 1. Calculate r(k).
-18
Let w(p) = -3 + p - 1 - 1. Let m = -133 - -139. Give w(m).
1
Let q(c) be the first derivative of c**4/4 - 5*c**3/3 + 6*c - 1. Let t be -8 - -11 - (0 - 1). Suppose 2*z - 9 = 5*l - t, 4*z - 3*l = 17. Determine q(z).
6
Let a(x) = -1. Let f(m) = -m**2 - 4*m + 2. Let b(t) = 3*a(t) - f(t). Give b(-5).
0
Let m(w) = -w - 2*w**2 + 4 + 9*w - 5*w. Suppose -2*o = -4 - 0. Let t be 1/o - (-5)/2. Calculate m(t).
-5
Let n(v) = v**3 + 10*v**2 + 5. Let o(s) = 2*s + 4. Let m be o(-7). Let p be n(m). Let j(z) = -2*z + 5. Calculate j(p).
-5
Let t(l) be the third derivative of -1/30*l**5 + 1/24*l**4 + 0*l + 0 - 8*l**2 + 0*l**3. What is t(2)?
-6
Let v(s) = 0 - 7 + 0 - s + 1. Let n(q) = -q - 5. Let g(c) = 3*n(c) - 2*v(c). What is g(-7)?
4
Suppose 6 = -i + 5*n, -5*n + n + 4 = -i. Let a(p) = -5 + 2 - i + 2 - p**2. What is a(0)?
-5
Let a(f) = 2*f - 2*f - 12 - 2*f. Let g be a(-10). Let h(d) = -d**3 + 6*d**2 + 5*d - g*d**3 + 8*d**3 - d**2 + 1. What is h(6)?
-5
Let r(u) be the first derivative of -u**4/4 + 2*u**3 - u**2 + 3*u - 29. Calculate r(6).
-9
Suppose 11 = 6*a - 19. Let t(n) = 21*n - 14. Let g(f) = -4*f + 3. Let u(q) = -11*g(q) - 2*t(q). Calculate u(a).
5
Let j = 7 - 4. Let y(d) = d**3 + 4 - j*d**2 + 3*d**2 - d**2. Calculate y(0).
4
Suppose 8*x = 5*x + 15. Let i(y) = -y**2 + 4*y - 3. Calculate i(x).
-8
Suppose -2*g - 8 = -b, 4*b + 23 =